factors of s.
31
Let l = -10 + 14. Let x be (-4)/l*(-1 + -8). Suppose x = o + 2*p, -o + 3*p = -2 - 7. What are the prime factors of o?
3
Suppose -60 = 2*q + 32. Let f = q + 31. Let s = -5 - f. List the prime factors of s.
2, 5
Suppose z - 39 = 22. List the prime factors of z.
61
Suppose -2*v + 41 = -111. Let f = v + -44. List the prime factors of f.
2
Let g(j) = j**3 + 4*j**2 + 3*j + 3. Let t be g(-3). List the prime factors of 14 + (t - (1 + 0)).
2
Let f(i) = 8*i - 7. Let q(b) = 16*b - 13. Let k(n) = n**2 + 10*n - 7. Let a be k(-10). Let c(j) = a*f(j) + 4*q(j). List the prime factors of c(2).
13
Let a be 20/(-3) + 6/9. Let c be (-46)/(-4) - 3/a. Suppose -f - 2*f + c = 0. List the prime factors of f.
2
Let i(u) = -4*u + 4 + 5*u**2 - 4*u**2 - 2*u. Let t be i(6). Suppose -t*r + 0*r = 2*p - 30, -3*p - 2*r + 33 = 0. List the prime factors of p.
3
Let k(w) = 6*w + 3. Let o be k(-5). Let u = 58 + o. What are the prime factors of u?
31
Let d(z) = -z - 11. Let q be d(-8). List the prime factors of -1*(-5)/((-3)/q).
5
Let l(o) = o**3 - 13*o**2 + 3*o + 6. What are the prime factors of l(13)?
3, 5
Suppose 5*h = -2*h + 70. List the prime factors of h.
2, 5
Suppose 0 = 4*m + 40 - 0. Let j(i) = i**2 - i - 10. Let s be j(3). What are the prime factors of -2 - (m - (s + 1))?
5
Let f = -3 + 6. Let a = 46 + -43. Suppose 0 = f*v + 2*v + a*t - 75, 5*v - 55 = t. List the prime factors of v.
2, 3
Suppose 0 = 5*z - 8*z + 12. Suppose z*p - 40 = -0. What are the prime factors of p?
2, 5
Suppose -5*l + 5 = -15. Suppose -l*u + 13 = -51. What are the prime factors of u?
2
Let s = 9 - 1. What are the prime factors of s?
2
Suppose -2*u - 6 + 66 = 0. What are the prime factors of u?
2, 3, 5
Let v = 250 + -164. What are the prime factors of v?
2, 43
Suppose -6*a + 5*w + 100 = -2*a, 5*w + 80 = 3*a. What are the prime factors of a?
2, 5
Let o be (14/(-5))/((-5)/25). Suppose -o - 1 = -5*t. Suppose 3*b - 21 = -3*w + 5*w, 27 = t*b - 4*w. What are the prime factors of b?
5
Let l(t) = t**2 + 3*t + 4. Let y be l(-4). Suppose 0 = -3*r - r + y. Let m = r - -1. List the prime factors of m.
3
Suppose 0 = 5*k + 10. Let x = k - -5. Suppose 0*q = 5*q - x*t - 25, 0 = -3*q + t + 11. What are the prime factors of q?
2
Suppose 6*x - 24 = 3*x. Suppose -p + 10 + x = 0. List the prime factors of p.
2, 3
What are the prime factors of 0 - -46 - (1 - -1)?
2, 11
What are the prime factors of 121 + -3 - (-1 + 2 + 0)?
3, 13
Let i = -58 + 62. List the prime factors of i.
2
Let v(u) = -u**2 + 9 + u**2 + u + 2*u**2 - 8. Suppose k + 4 - 6 = 0. List the prime factors of v(k).
11
Suppose -5*d + 5*x = -645, 0 = x + 1 - 2. What are the prime factors of d?
2, 5, 13
Let v = -44 - -89. List the prime factors of v.
3, 5
Suppose y = 5*y. Suppose -m - t = t + 8, 3*m - 5*t - 20 = y. Let z = m + 3. List the prime factors of z.
3
What are the prime factors of 1022/10 - (-3)/(-15)?
2, 3, 17
Let x(s) = 6*s**2 - 2*s - 4. List the prime factors of x(-3).
2, 7
Suppose o - 2*d - 113 - 120 = 0, 5*o - 1181 = 2*d. List the prime factors of o.
3, 79
Suppose 14 = -5*o + 39. List the prime factors of o.
5
Let i(n) = -2*n + 5. Let u be i(-4). Let p be (-1 - 2) + u/1. Let g = 5 + p. List the prime factors of g.
3, 5
Let s = 2 + 1. Suppose -5*a + 22 = s*r, a = 4*r + 3*a - 20. List the prime factors of r.
2
Let b = -129 + 551. List the prime factors of b.
2, 211
Suppose 8 = k + m, -2*k = k - m - 4. Suppose -3*s - k*r = -21, 2*r = 3*s - 10 - 11. What are the prime factors of s?
7
Let o = 152 - 88. Let d = o + -46. What are the prime factors of d?
2, 3
Suppose 7*q - 3*q = -52. Let l be (3/(-6))/((-1)/(-16)). Let u = l - q. What are the prime factors of u?
5
Suppose 4 = 3*c + 5*r, 2*c - c - r = 4. Let y be -5*(-1 - (-5 - 0)). What are the prime factors of c/2 - 50/y?
2
Let n = -15 - -20. What are the prime factors of n?
5
Let g(v) = -v**2 + 3*v + 3. Let s be g(3). Let u = 0 - 0. Suppose u = s*h - 5*h + 24. List the prime factors of h.
2, 3
Suppose 0 = 7*f - 12*f - 25. Let y = f + 16. List the prime factors of y.
11
Let k = -64 - -108. What are the prime factors of k?
2, 11
Let m = -16 + 43. List the prime factors of m.
3
Let p(x) = -2*x + 5. Let q be p(-5). Suppose 5*w - h - q = 0, -2*h - 3 = 2*w + 3. What are the prime factors of 1/w - 65/(-10)?
7
Suppose 0 = -2*c - 10, 3 = -3*k - 3*c. Suppose 3 = k*r - 5. Suppose 0 = 4*z + 2*m - 0*m - 60, 5*z - r*m - 84 = 0. What are the prime factors of z?
2
Suppose h + 5*h = 648. List the prime factors of h.
2, 3
Suppose -2*f - 3*q - 2 = -5, -f - 4*q - 1 = 0. Let o be (32 + f)*(-4)/(-10). Let b = o + -2. What are the prime factors of b?
2, 3
Suppose 4*n + 2*d - 522 = 0, -4 = 2*d + 6. What are the prime factors of n?
7, 19
Let l = 21 + -3. What are the prime factors of l?
2, 3
Suppose 3*a - 4*a - 3*z + 14 = 0, -a - 2*z = -16. What are the prime factors of a?
2, 5
Let d = 32 + 245. List the prime factors of d.
277
Let n be (1/(-3))/(5/105). Let g = n - -9. List the prime factors of g.
2
Let g be 6/(((-21)/(-18))/7). Suppose 2*j - g = 2*x, 3*j - 4*x - 58 = -0*j. What are the prime factors of j?
2, 7
What are the prime factors of (32/(-6))/((-26)/507)?
2, 13
Suppose 18 = -0*m + 3*m. Suppose -6 + 26 = 5*n. What are the prime factors of 2/n + m/4?
2
Suppose -3*r = -0*r - 9. Suppose -r = 5*h - 38. What are the prime factors of h?
7
Suppose -k + 28 = -0*k. Suppose 0 = -4*c + q + k, -2*q - 2 = -2*c + 12. List the prime factors of c.
7
Let u = 7 - 4. Let y = u + -2. What are the prime factors of (2 - y)*-1*-10?
2, 5
Let t(y) = 2*y**2 - 2*y - 1. Suppose 4 = -2*g + 2. What are the prime factors of t(g)?
3
Let w(j) = 13*j**3 + j**2. Let f be w(1). Let x = 29 - f. List the prime factors of x.
3, 5
Let o(i) = 16*i - 38. List the prime factors of o(9).
2, 53
Suppose -3*s + 70 = -0*s + 5*l, -3*s + 2*l = -56. Let u = s + -2. List the prime factors of u.
2, 3
Let f = -12 - -12. Suppose -54 = -5*w + l, -w - 10 = -f*w + 5*l. What are the prime factors of w?
2, 5
Let g(w) = 7*w. Suppose 0 = -2*z, -2*z + 0*z = 2*a - 2. Let k be g(a). Suppose -k = -u + 6. List the prime factors of u.
13
Let f(m) = m**2 + m - 9. What are the prime factors of f(4)?
11
Suppose n - 3*t - 14 = -n, 3*t = -6. Suppose -n*r = -2*b - 32, r + 3 = 4*b + 32. What are the prime factors of (-40)/b + 1/3?
7
Let x = 3 - 1. Suppose 5*k - x*k - 24 = 0. Suppose 2*o = 4*o - k, 4*o - 22 = -3*f. List the prime factors of f.
2
Suppose 0 = -4*o + 2*o + 100. Suppose 5*d = -3*r - 0*r + o, 4*r - 20 = 5*d. What are the prime factors of r?
2, 5
Let z(j) = 2*j - 13. Let g(h) = -5*h + 38. Let o(x) = 3*g(x) + 8*z(x). Let t be (-3)/((-2)/(-16)*4). List the prime factors of o(t).
2
Let u(b) = -b**3 - b**2 - b + 43. What are the prime factors of u(0)?
43
Let i = -47 - -78. What are the prime factors of (i - 0)*1 - 0?
31
Let n(v) = -v**3 + 4*v**2 + v + 4. What are the prime factors of n(4)?
2
Let g(y) = -y**3 + 6*y**2 + 3*y - 4. Let m be g(7). Let u be m/(-12) - 4/6. Suppose -v + 2*v - 5*w + 1 = 0, u*v - 2*w - 14 = 0. List the prime factors of v.
3
Suppose -7 = 2*s - 2*b + 5, 2*s = -3*b - 22. Let g(n) = -3*n + 3. What are the prime factors of g(s)?
3
Let f(k) be the third derivative of 2*k**2 - 5/6*k**3 + 0*k + 1/24*k**4 + 0 + 1/60*k**5. List the prime factors of f(-4).
7
Let t(k) = 4 - 3 + 6*k**2 - 3*k**2 - 2*k**2. What are the prime factors of t(1)?
2
Let z(i) = 9*i**2. Suppose l + w - 4 = 0, 3*l + w = -0 + 2. What are the prime factors of z(l)?
3
Suppose -2*i - 6 = -3*i + d, -5*i + 4*d + 34 = 0. Suppose -3*y - 3*c - 12 = 0, 0 = -5*y - 0*y + c + i. List the prime factors of y - (-8 + -2 + 2).
3
Let q be 2/(-8)*4*-1. List the prime factors of (36/15)/q*5.
2, 3
Suppose -160 = 2*f - 7*f. Suppose -2*g + 4*w = -f, -g + 5*w = -3*g - 13. Suppose -g = -4*h + 22. What are the prime factors of h?
7
Suppose -4*k - 6 = 2*s, 0*s - 3*s = k - 1. Let i be (-1)/((1 - -1)/k). Let o = i - -19. What are the prime factors of o?
2, 5
Let x(l) be the second derivative of -2*l - 1/2*l**2 - 1/3*l**3 + 0. What are the prime factors of x(-4)?
7
Let w be -3*1*(-8)/(-24). What are the prime factors of ((-3 - -1) + -2)*w?
2
Let m = -12 + 18. Suppose -l - 105 = -m*l. List the prime factors of l.
3, 7
Suppose 7*r - 2*r = 305. What are the prime factors of r?
61
Let q = -219 - -307. What are the prime 